ase 2?
-1
What is 27 (base 11) in base 3?
1002
What is -100000 (base 2) in base 11?
-2a
Convert 4 (base 11) to base 2.
100
-188 (base 14) to base 10
-316
What is 1 (base 11) in base 14?
1
What is 12 (base 12) in base 4?
32
-2 (base 11) to base 3
-2
3 (base 14) to base 4
3
What is 47 (base 9) in base 3?
1121
Convert 330 (base 5) to base 8.
132
-13 (base 10) to base 16
-d
What is -121 (base 9) in base 7?
-202
16 (base 8) to base 4
32
Convert 33 (base 4) to base 13.
12
What is 100110 (base 2) in base 6?
102
What is -77 (base 9) in base 4?
-1012
What is -2 (base 7) in base 4?
-2
Convert 1111011 (base 2) to base 13.
96
24 (base 12) to base 7
40
What is -4 (base 5) in base 16?
-4
Convert 7c (base 13) to base 12.
87
Convert 64 (base 9) to base 11.
53
What is 2 (base 8) in base 13?
2
What is -15 (base 14) in base 6?
-31
3 (base 7) to base 15
3
What is 6 (base 12) in base 15?
6
-11010 (base 2) to base 5
-101
What is 22 (base 5) in base 9?
13
-51 (base 8) to base 4
-221
What is -111 (base 2) in base 12?
-7
Convert 41 (base 7) to base 16.
1d
Convert -4 (base 12) to base 16.
-4
-4 (base 13) to base 9
-4
Convert -43 (base 5) to base 7.
-32
Convert ae (base 15) to base 13.
c8
What is -3 (base 6) in base 7?
-3
-6 (base 15) to base 10
-6
-11 (base 10) to base 15
-b
Convert 25 (base 16) to base 15.
27
What is -3 (base 9) in base 4?
-3
-3 (base 10) to base 7
-3
10 (base 3) to base 6
3
Convert 10100 (base 2) to base 4.
110
6 (base 7) to base 9
6
67 (base 10) to base 16
43
1 (base 4) to base 16
1
-110 (base 10) to base 3
-11002
What is 1 (base 3) in base 8?
1
Convert 18 (base 15) to base 5.
43
Convert -12 (base 7) to base 15.
-9
What is 101 (base 4) in base 5?
32
12e (base 15) to base 16
10d
What is 14 (base 16) in base 4?
110
What is 250 (base 7) in base 10?
133
What is 13 (base 12) in base 13?
12
26 (base 9) to base 2
11000
221 (base 10) to base 15
eb
What is -1 (base 6) in base 11?
-1
0 (base 11) to base 6
0
What is 5 (base 13) in base 4?
11
-a9 (base 16) to base 15
-b4
-101111010 (base 2) to base 15
-1a3
What is 35 (base 6) in base 10?
23
What is -101100 (base 2) in base 6?
-112
Convert e (base 16) to base 10.
14
Convert 130 (base 8) to base 16.
58
4 (base 12) to base 4
10
What is -11 (base 4) in base 14?
-5
What is -1120 (base 5) in base 14?
-b6
What is -110 (base 5) in base 15?
-20
What is -100102 (base 3) in base 6?
-1102
Convert 120 (base 5) to base 8.
43
Convert 210 (base 10) to base 12.
156
-1351 (base 6) to base 2
-101100011
0 (base 4) to base 15
0
What is -1110110 (base 2) in base 3?
-11101
0 (base 11) to base 15
0
What is -11001 (base 2) in base 4?
-121
What is -135 (base 10) in base 6?
-343
-41 (base 14) to base 11
-52
What is c (base 15) in base 13?
c
What is 1111111 (base 2) in base 4?
1333
Convert -56 (base 12) to base 5.
-231
What is -11 (base 15) in base 7?
-22
10 (base 2) to base 16
2
What is -11 (base 2) in base 5?
-3
-11020 (base 3) to base 14
-82
What is -122 (base 4) in base 6?
-42
What is 72 (base 9) in base 3?
2102
119 (base 10) to base 7
230
Convert -52 (base 15) to base 11.
-70
Convert 246 (base 9) to base 8.
314
Convert -100 (base 3) to base 12.
-9
Convert -4 (base 12) to base 3.
-11
Convert -76 (base 10) to base 3.
-2211
Convert -8 (base 13) to base 6.
-12
-122 (base 4) to base 6
-42
-159 (base 11) to base 4
-2321
What is -22 (base 13) in base 14?
-20
Convert -11 (base 15) to base 7.
-22
Convert 1 (base 16) to base 14.
1
-10 (base 2) to base 10
-2
What is 2 (base 7) in base 10?
2
What is -1e (base 15) in base 11?
-27
-2330 (base 4) to base 9
-228
102 (base 3) to base 15
b
Convert -20 (base 7) to base 2.
-1110
-c4 (base 14) to base 15
-b7
What is 7 (base 11) in base 13?
7
What is 54 (base 6) in base 8?
42
421 (base 5) to base 12
93
What is 222 (base 8) in base 15?
9b
Convert -63 (base 10) to base 8.
-77
What is 1b (base 12) in base 6?
35
65 (base 13) to base 15
58
What is -22 (base 12) in base 6?
-42
What is -1011 (base 2) in base 7?
-14
6 (base 13) to base 14
6
4 (base 15) to base 11
4
What is -12 (base 3) in base 9?
-5
26 (base 7) to base 4
110
Convert -24 (base 15) to base 5.
-114
-3 (base 13) to base 2
-11
What is -316 (base 8) in base 10?
-206
What is -1111 (base 3) in base 4?
-220
What is 3 (base 13) in base 9?
3
2 (base 16) to base 3
2
-28 (base 15) to base 8
-46
Convert -16 (base 9) to base 15.
-10
Convert 36 (base 16) to base 8.
66
-120 (base 6) to base 13
-39
What is -3 (base 10) in base 15?
-3
Convert -7 (base 13) to base 10.
-7
10c (base 13) to base 12
131
What is 4 (base 13) in base 9?
4
111111 (base 2) to base 13
4b
11 (base 2) to base 12
3
Convert 31 (base 4) to base 16.
d
What is 2331 (base 4) in base 16?
bd
Convert -30 (base 10) to base 3.
-1010
What is 0 (base 12) in base 15?
0
Convert -3a (base 12) to base 11.
-42
What is -3 (base 14) in base 9?
-3
Convert 0 (base 15) to base 7.
0
Convert 15 (base 9) to base 4.
32
101 (base 2) to base 10
5
Convert -15 (base 13) to base 3.
-200
Convert 33 (base 4) to base 8.
17
What is 270 (base 8) in base 14?
d2
What is -2 (base 5) in base 11?
-2
What is -1410 (base 6) in base 10?
-366
What is 21 (base 7) in base 13?
12
-9 (base 14) to base 6
-13
Convert 8 (base 10) to base 4.
20
Convert 10 (base 6) to base 8.
6
-3 (base 10) to base 3
-10
Convert 35 (base 6) to base 9.
25
-24 (base 13) to base 9
-33
What is -c (base 15) in base 5?
-22
What is -432 (base 6) in base 11?
-13a
20 (base 8) to base 11
15
6 (base 16) to base 8
6
Convert 2 (base 16) to base 3.
2
What is -3 (base 16) in base 13?
-3
6 (base 16) to base 12
6
3 (base 12) to base 4
3
-163 (base 7) to base 6
-234
What is 13 (base 15) in base 12?
16
What is 2 (base 16) in base 13?
2
1100 (base 2) to base 15
c
-5 (base 9) to base 15
-5
Convert -40 (base 9) to base 2.
-100100
Convert 2 (base 3) to base 2.
10
Convert 17 (base 16) to base 2.
10111
1 (base 2) to base 16
1
What is 121 (base 3) in base 14?
12
What is 16 (base 11) in base 16?
11
-110 (base 2) to base 8
-6
Convert -26 (base 8) to base 10.
-22
What is 31 (base 10) in base 12?
27
What is -1 (base 8) in base 6?
-1
Convert -241 (base 9) to base 8.
-307
-22 (base 15) to base 8
-40
What is 22 (base 4) in base 8?
12
What is 15 (base 13) in base 14?
14
What is -3 (base 15) in base 12?
-3
What is -6 (base 8) in base 5?
-11
43 (base 8) to base 10
35
Convert 1 (base 15) to base 10.
1
-100 (base 3) to base 15
-9
Convert -9 (base 14) to base 13.
-9
1021 (base 3) to base 12
2a
What is 10010 (base 2) in base 16?
12
4 (base 11) to base 5
4
Convert 1 (base 4) to base 15.
1
21121 (base 3) to base 10
205
Convert 221 (base 3) to base 10.
25
-5 (base 11) to base 12
-5
What is 3 (base 16) in base 14?
3
What is 1 (base 15) in base 5?
1
What is -75 (base 14) in base 4?
-1213
What is -33 (base 8) in base 12?
-23
Convert -5 (base 10) to base 4.
-11
61 (base 16) to base 3
10121
What is 4 (base 5) in base 4?
10
What is 1 (base 10) in base 2?
1
1 (base 9) to base 7
1
What is 5 (base 8) in base 6?
5
3 (base 13) to base 11
3
13 (base 6) to base 14
9
Convert -114 (base 6) to base 12.
-3a
Convert 2 (base 5) to base 4.
2
What is 7 (base 8) in base 12?
7
-1a (base 16) to base 6
-42
What is 1 (base 10) in base 12?
1
-100101 (base 3) to base 2
-11111101
What is 52 (base 7) in base 16?
25
What is 1000 (base 2) in base 6?
12
Convert -12 (base 11) to base 2.
-1101
Convert 28 (base 11) to base 4.
132
0 (base 3) to base 6
0
1 (base 2) to base 6
1
What is 146 (base 12) in base 15?
d3
-ac (base 13) to base 3
-12021
-40 (base 5) to base 2
-10100
What is 0 (base 9) in base 11?
0
What is 22 (base 4) in base 8?
12
3 (base 4) to base 7
3
What is -1000 (base 2) in base 7?
-11
Convert -1a (base 14) to base 13.
-1b
3031 (base 4) to base 12
151
Convert 1 (base 6) to base 16.
1
5 (base 13) to base 15
5
What is -2 (base 13) in base 15?
-2
What is -13 (base 7) in base 6?
-14
Convert -1030 (base 4) to base 2.
-1001100
What is 20 (base 16) in base 6?
52
What is 23 (base 9) in base 11?
1a
What is -22 (base 15) in base 6?
-52
Convert -2 (base 15) to base 16.
-2
-2 (base 16) to base 11
-2
Convert 9 (base 12) to base 2.
1001
Convert -100 (base 2) to base 3.
-11
70 (base 12) to base 2
1010100
What is -10 (base 9) in base 13?
-9
What is 20 (base 3) in base 4?
12
Convert -a (base 11) to base 6.
-14
3b (base 15) to base 10
56
Conver